{"id":2407,"date":"2023-07-19T13:49:08","date_gmt":"2023-07-19T13:49:08","guid":{"rendered":"https:\/\/ongjed.azurewebsites.net\/?page_id=2407"},"modified":"2024-06-24T16:19:27","modified_gmt":"2024-06-24T16:19:27","slug":"domaines","status":"publish","type":"page","link":"https:\/\/www.jed.sn\/?page_id=2407","title":{"rendered":"Domaines d&rsquo;Intervention"},"content":{"rendered":"<style>body:not(.rtl) .elementor-2407 .elementor-element.elementor-element-b511eb8.drdt_sticky_fixed{left:0px;}body.rtl .elementor-2407 .elementor-element.elementor-element-b511eb8.drdt_sticky_fixed{right:0px;}.elementor-2407 .elementor-element.elementor-element-b511eb8.drdt_sticky_fixed{top:0px;z-index:5;}.elementor-2407 .elementor-element.elementor-element-1dbf710 .eael-advance-tabs .eael-tabs-nav > ul li{background-color:#FFFFFF;font-family:\"Plus Jakarta Sans\", Sans-serif;font-weight:700;text-transform:capitalize;line-height:1em;color:#000000;border-style:solid;border-width:1px 1px 1px 1px;border-color:#E0E3E91A;border-radius:8px 8px 8px 8px;}.elementor-2407 .elementor-element.elementor-element-1dbf710 .eael-advance-tabs .eael-tabs-nav > ul li:hover{background-color:#333;color:#000000;}.elementor-2407 .elementor-element.elementor-element-1dbf710 .eael-advance-tabs .eael-tabs-nav > ul li.active{background-color:#350353;color:#FFFFFF;}.elementor-2407 .elementor-element.elementor-element-1dbf710 > .eael-advance-tabs > .eael-tabs-nav ul li{padding:35px 40px 35px 40px;margin:0px 0px 15px 0px;}.elementor-2407 .elementor-element.elementor-element-1dbf710 > .elementor-widget-container > .eael-advance-tabs > .eael-tabs-nav ul li{padding:35px 40px 35px 40px;margin:0px 0px 15px 0px;}.elementor-2407 .elementor-element.elementor-element-1dbf710 .eael-advance-tabs .eael-tabs-nav > ul li i{color:#333;}.elementor-2407 .elementor-element.elementor-element-1dbf710 .eael-advance-tabs .eael-tabs-nav > ul li svg{fill:#333;}.elementor-2407 .elementor-element.elementor-element-1dbf710 .eael-advance-tabs .eael-tabs-nav > ul li:hover > i{color:#fff;}.elementor-2407 .elementor-element.elementor-element-1dbf710 .eael-advance-tabs .eael-tabs-nav > ul li:hover > svg{fill:#fff;}.elementor-2407 .elementor-element.elementor-element-1dbf710 .eael-advance-tabs .eael-tabs-nav > ul li.active > i{color:#fff;}.elementor-2407 .elementor-element.elementor-element-1dbf710 .eael-advance-tabs .eael-tabs-nav > ul li.active > svg{fill:#fff;}.elementor-2407 .elementor-element.elementor-element-1dbf710 .eael-advance-tabs .eael-tabs-content > div{color:#000000;font-family:\"DM Sans\", Sans-serif;font-weight:400;line-height:1.5em;padding:0px 0px 0px 60px;margin:0px 0px 0px 0px;}@media(max-width:1024px){.elementor-2407 .elementor-element.elementor-element-1dbf710 .eael-advance-tabs .eael-tabs-nav > ul li{font-size:18px;}.elementor-2407 .elementor-element.elementor-element-1dbf710 > .eael-advance-tabs > .eael-tabs-nav ul li{padding:30px 30px 30px 30px;}.elementor-2407 .elementor-element.elementor-element-1dbf710 > .elementor-widget-container > .eael-advance-tabs > .eael-tabs-nav ul li{padding:30px 30px 30px 30px;}.elementor-2407 .elementor-element.elementor-element-1dbf710 .eael-advance-tabs .eael-tabs-content > div{padding:0px 0px 0px 40px;}}@media(max-width:767px){.elementor-2407 .elementor-element.elementor-element-1dbf710 .eael-advance-tabs .eael-tabs-content > div{padding:20px 0px 0px 0px;}}\/* Start custom CSS for eael-adv-tabs, class: .elementor-element-1dbf710 *\/.elementor-2407 .elementor-element.elementor-element-1dbf710 .eael-tab-title{\n    text-align:left;\n}\n.elementor-2407 .elementor-element.elementor-element-1dbf710 .eael-tab-title span{\n    font-size:14px;\n    display:block;\n    margin-top:15px;\n    \n}\n\n.elementor-2407 .elementor-element.elementor-element-1dbf710 .eael-advance-tabs .eael-tabs-nav>ul{\n    align-items:start;\n}\n\n.elementor-2407 .elementor-element.elementor-element-1dbf710 .eael-advance-tabs.eael-tabs-vertical>.eael-tabs-nav{\n    flex:unset;\n}\n\n.elementor-2407 .elementor-element.elementor-element-1dbf710 .eael-tabs-content h2{\n    margin:0px 0px 20px 0px;\n}\/* End custom CSS *\/<\/style>\t\t<div data-elementor-type=\"wp-page\" data-elementor-id=\"2407\" class=\"elementor elementor-2407\" data-elementor-post-type=\"page\">\n\t\t\t\t\t\t<section class=\"elementor-section elementor-top-section elementor-element elementor-element-b511eb8 elementor-section-boxed elementor-section-height-default elementor-section-height-default wpr-particle-no wpr-jarallax-no wpr-parallax-no wpr-sticky-section-no\" data-id=\"b511eb8\" data-element_type=\"section\">\n\t\t\t\t\t\t<div class=\"elementor-container elementor-column-gap-default\">\n\t\t\t\t\t<div class=\"elementor-column elementor-col-100 elementor-top-column elementor-element elementor-element-47aad64\" data-id=\"47aad64\" data-element_type=\"column\">\n\t\t\t<div class=\"elementor-widget-wrap elementor-element-populated\">\n\t\t\t\t\t\t<div class=\"elementor-element elementor-element-1dbf710 elementor-invisible elementor-widget elementor-widget-eael-adv-tabs\" data-id=\"1dbf710\" data-element_type=\"widget\" data-settings=\"{&quot;_animation&quot;:&quot;fadeInUp&quot;}\" data-widget_type=\"eael-adv-tabs.default\">\n\t\t\t\t<div class=\"elementor-widget-container\">\n\t\t\t\t\t        <div data-scroll-on-click=\"no\" data-scroll-speed=\"300\" id=\"eael-advance-tabs-1dbf710\" class=\"eael-advance-tabs eael-tabs-horizontal eael-tab-auto-active  active-caret-on\" data-tabid=\"1dbf710\">\n            <div class=\"eael-tabs-nav\">\n                <ul class=\"eael-tab-top-icon\" role=\"tablist\">\n                                            <li id=\"ducation-protection-brdes-enfants\" class=\"inactive eael-tab-item-trigger eael-tab-nav-item\" aria-selected=\"true\" data-tab=\"1\" role=\"tab\" tabindex=\"0\" aria-controls=\"ducation-protection-brdes-enfants-tab\" aria-expanded=\"false\">\n                            \n                                                        \n                            \n                                                            <span class=\"eael-tab-title title-after-icon\" >\u00c9ducation &#038; protection <br\/>des enfants<\/span>                                                    <\/li>\n                                            <li id=\"formation-professionnelle-insertion-\" class=\"inactive eael-tab-item-trigger eael-tab-nav-item\" aria-selected=\"false\" data-tab=\"2\" role=\"tab\" tabindex=\"-1\" aria-controls=\"formation-professionnelle-insertion--tab\" aria-expanded=\"false\">\n                            \n                                                        \n                            \n                                                            <span class=\"eael-tab-title title-after-icon\" >Formation professionnelle &#038; insertion <\/span>                                                    <\/li>\n                                            <li id=\"sant-protection-sociale\" class=\"inactive eael-tab-item-trigger eael-tab-nav-item\" aria-selected=\"false\" data-tab=\"3\" role=\"tab\" tabindex=\"-1\" aria-controls=\"sant-protection-sociale-tab\" aria-expanded=\"false\">\n                            \n                                                        \n                            \n                                                            <span class=\"eael-tab-title title-after-icon\" >Sant\u00e9 &#038; protection sociale<\/span>                                                    <\/li>\n                                            <li id=\"environnement-br-br-cadre-de-vie\" class=\"inactive eael-tab-item-trigger eael-tab-nav-item\" aria-selected=\"false\" data-tab=\"4\" role=\"tab\" tabindex=\"-1\" aria-controls=\"environnement-br-br-cadre-de-vie-tab\" aria-expanded=\"false\">\n                            \n                                                        \n                            \n                                                            <span class=\"eael-tab-title title-after-icon\" >Environnement <br\/> &#038; <br\/> cadre de vie<\/span>                                                    <\/li>\n                                    <\/ul>\n            <\/div>\n            \n            <div class=\"eael-tabs-content\">\n\t\t        \n                    <div id=\"ducation-protection-brdes-enfants-tab\" class=\"clearfix eael-tab-content-item inactive\" data-title-link=\"ducation-protection-brdes-enfants-tab\">\n\t\t\t\t        <ul>\n \t<li>Offre d\u2019un paquet de services sociaux et \u00e9ducatifs aux enfants et jeunes vuln\u00e9rables<\/li>\n \t<li>Mobilise des acteurs du syst\u00e8me et des communaut\u00e9s<\/li>\n \t<li>Favorise un acc\u00e8s inclusif \u00e0 l\u2019\u00e9ducation<\/li>\n \t<li>Met en place des cadres multisectoriels au niveau local<\/li>\n \t<li>Transfert des comp\u00e9tences au niveau des acteurs<\/li>\n \t<li>Met \u00e0 disposition des supports inclusifs et adapt\u00e9s<\/li>\n \t<li>Mobilise des alli\u00e9s pour l\u2019am\u00e9lioration de l\u2019acc\u00e8s et des performances scolaires<\/li>\n \t<li>Met \u00e0 l\u2019\u00e9chelle de la strat\u00e9gie r\u00e9ussie et document\u00e9e dans les autres circonscriptions \u00e9ducatives<\/li>\n \t<li>Fait le plaidoyer pour l\u2019\u00e9ducation inclusive et le suivi des engagements aupr\u00e8s des autorit\u00e9s<\/li>\n<\/ul>\n<strong><b>\u00a0<\/b><\/strong><span style=\"text-decoration: underline;\"><strong><b>Changements vis\u00e9s<\/b><\/strong><\/span>\n<ul>\n \t<li><strong><b>\u00a0<\/b><\/strong><strong><b>A court terme : <\/b><\/strong>Les gestionnaires du syst\u00e8me, le corps p\u00e9dagogique et la communaut\u00e9 sont form\u00e9s et mobilis\u00e9s pour un acc\u00e8s \u00e0 une \u00e9ducation de qualit\u00e9 inclusive<\/li>\n \t<li><strong><b>A moyen terme : <\/b><\/strong>Les gestionnaires du syst\u00e8me, le corps p\u00e9dagogique et la communaut\u00e9 conscients des enjeux li\u00e9s \u00e0 l\u2019\u00e9ducation inclusive, s\u2019engagent et agissent pour un environnement favorable \u00e0 une \u00e9ducation inclusive de qualit\u00e9<\/li>\n \t<li><strong><b>A long terme : <\/b><\/strong>Un syst\u00e8me \u00e9ducatif inclusif est fonctionnel dans les circonscriptions \u00e9ducatives<\/li>\n<\/ul>\n<span style=\"text-decoration: underline;\"><b>Partenaires et r\u00e9seaux<\/b><\/span>\n<table>\n<tbody>\n<tr>\n<td><img decoding=\"async\" class=\"main-image\" src=\"\/wp-content\/uploads\/2023\/12\/Capture-decran-2023-07-21-144520-1-e1701737154120-300x99.png\" alt=\"Guiden a Scouten fir ENG Welt\" \/><\/td>\n<td><img decoding=\"async\" class=\"main-image\" src=\"\/wp-content\/uploads\/2023\/12\/Capture-decran-2023-07-21-144243-1-300x117.png\" alt=\"Padem\" \/><\/td>\n<td><img decoding=\"async\" class=\"main-image\" src=\"\/wp-content\/uploads\/2023\/12\/Capture-decran-2023-07-21-144554-1-300x99.png\" alt=\"EDC Learning\" \/><\/td>\n<td><img decoding=\"async\" class=\"main-image\" src=\"\/wp-content\/uploads\/2023\/12\/cosydep.png\" alt=\"COSYDEP\" \/><\/td>\n<td><img decoding=\"async\" class=\"main-image\" src=\"\/wp-content\/uploads\/2023\/12\/consortium-jeunesse-senegal-300x118-1.png\" alt=\"Consortium Jeunesse Senegal\" \/><\/td>\n<td><img decoding=\"async\" class=\"main-image\" src=\"\/wp-content\/uploads\/2023\/12\/telechargement-e1702084154102.png\" alt=\"CNJS\" \/><\/td>\n<\/tr>\n<\/tbody>\n<\/table>\n<strong><b>&#8230; Chr\u00e9tiens pour le sahel, Services d\u00e9concentr\u00e9s de l\u2019\u00e9ducations, Plateforme des acteurs non \u00e9tatiques, les Inspections d\u2019acad\u00e9mie<\/b><\/strong>                    <\/div>\n\t\t        \n                    <div id=\"formation-professionnelle-insertion--tab\" class=\"clearfix eael-tab-content-item inactive\" data-title-link=\"formation-professionnelle-insertion--tab\">\n\t\t\t\t        <ul>\n \t<li>Adapte les curricula de formation par rapport au march\u00e9 du travail<\/li>\n \t<li>Effectue une recherche action sur les opportunit\u00e9s d\u2019insertion<\/li>\n \t<li>Mobilise des structures de la formation professionnelle<\/li>\n \t<li>Accompagne les apprenants et les sortants vers l\u2019insertion socioprofessionnelle \u00e0 travers un parcours d\u2019insertion mod\u00e9lis\u00e9<\/li>\n \t<li>Mobilise des entreprises et des structures de financement pour l\u2019insertion des jeunes<\/li>\n \t<li>Met en place de structures de production et d\u2019incubation<\/li>\n \t<li>D\u00e9veloppe des m\u00e9tiers num\u00e9riques et verts<\/li>\n \t<li>Structure et accompagne des initiatives entrepreneuriales et citoyennes<\/li>\n \t<li>\u00c9tend l\u2019offre de formation dans de nouvelles zones d\u2019intervention<\/li>\n \t<li>Participe au plaidoyer pour l\u2019application des lois sur l\u2019\u00e9conomie solidaire<\/li>\n<\/ul>\n<span style=\"text-decoration: underline;\"><strong><b>\u00a0<\/b><\/strong><strong><b>Changements vis\u00e9s<\/b><\/strong><\/span>\n<ul>\n \t<li><strong><b>\u00a0<\/b><\/strong><strong><b>A court terme :\u00a0<\/b><\/strong>Les jeunes et les femmes acqui\u00e8rent des comp\u00e9tences s pour acc\u00e9der au march\u00e9 du travail<\/li>\n \t<li><strong><b>A moyen terme :\u00a0<\/b><\/strong>Les jeunes et les femmes sont ins\u00e9r\u00e9s dans des emplois durables<\/li>\n \t<li><strong><b>A long terme :\u00a0<\/b><\/strong>L\u2019environnement socio professionnelle est favorable \u00e0 l\u2019insertion des jeunes et des femmes<\/li>\n<\/ul>\n<span style=\"text-decoration: underline;\"><strong><b>Les partenaires et r\u00e9seaux<\/b><\/strong><\/span>\n<table>\n<tbody>\n<tr>\n<td><img decoding=\"async\" class=\"main-image\" src=\"\/wp-content\/uploads\/2023\/12\/Capture-decran-2023-07-21-144520-1-e1701737154120-300x99.png\" alt=\"Guiden a Scouten fir ENG Welt\" \/><\/td>\n<td><img decoding=\"async\" class=\"main-image\" src=\"\/wp-content\/uploads\/2023\/12\/Capture-decran-2023-07-21-144243-1-300x117.png\" alt=\"Padem\" \/><\/td>\n<td><img decoding=\"async\" class=\"main-image\" src=\"\/wp-content\/uploads\/2023\/12\/logo-ietp-transparent-300x124.png\" alt=\"IP - INVESTISSEURS &amp; PARTENAIRES\" \/><\/td>\n<td><img decoding=\"async\" class=\"main-image\" src=\"\/wp-content\/uploads\/2023\/12\/arton15154-06ec0-300x125.jpg\" alt=\"Fondation Roi Baudoin\" \/><\/td>\n<td><img decoding=\"async\" class=\"main-image\" src=\"\/wp-content\/uploads\/2023\/12\/consortium-jeunesse-senegal-300x118-1.png\" alt=\"Consortium Jeunesse Senegal\" \/><\/td>\n<td><img decoding=\"async\" class=\"main-image\" src=\"\/wp-content\/uploads\/2023\/12\/telechargement-e1702084154102.png\" alt=\"CNJS\" \/><\/td>\n<\/tr>\n<\/tbody>\n<\/table>\n<strong>&#8230; 3FPT, ONFP, Plateforme des acteurs non \u00e9tatiques, les entreprises locales, chambres consulaires, les communes.<\/strong>                    <\/div>\n\t\t        \n                    <div id=\"sant-protection-sociale-tab\" class=\"clearfix eael-tab-content-item inactive\" data-title-link=\"sant-protection-sociale-tab\">\n\t\t\t\t        <ul>\n \t<li>Fait de la Recherche action sur les probl\u00e9matiques de l\u2019acc\u00e8s aux soins de sant\u00e9 pour les jeunes<\/li>\n \t<li>Renforce les capacit\u00e9s et accompagne les jeunes pour leur Empouvoirement des jeunes<\/li>\n \t<li>Mobilise les communaut\u00e9 et leaders pour un acc\u00e8s \u00e9quitable \u00e0 la sant\u00e9<\/li>\n \t<li>Am\u00e9liore des infrastructures sanitaires<\/li>\n \t<li>Int\u00e8gre des plateformes sous r\u00e9gionales, nationales et locales comme l\u2019Alliance Droits et Sant\u00e9<\/li>\n \t<li>Organise des renforcements de capacit\u00e9s \u00e0 l\u2019exemple des sessions sur la Clarifications des valeurs pour les prestataires et les communaut\u00e9s<\/li>\n \t<li>S\u2019investit dans le R\u00e9seautage des OSC de jeunes<\/li>\n \t<li>Accompagne la construction de plaidoyer par les OSC de jeunes<\/li>\n \t<li>Mobilise des mutuelles de sant\u00e9<\/li>\n \t<li>Participe \u00e0 la Capacitation des prestataires<\/li>\n \t<li>Fait du plaidoyer \u00c9tatique et locale \u00e0 un acc\u00e8s \u00e0 la sant\u00e9 pour les couches vuln\u00e9rables en g\u00e9n\u00e9ral et les jeunes en particulier<\/li>\n<\/ul>\n<strong><b>\u00a0<\/b><\/strong><strong><b>Changements vis\u00e9s<\/b><\/strong>\n<ul>\n \t<li><strong><b>A court terme :\u00a0<\/b><\/strong>Les jeunes form\u00e9s sur les th\u00e9matiques li\u00e9es \u00e0 la sant\u00e9, accompagnent leurs pairs pour l\u2019acc\u00e8s \u00e0 une information de qualit\u00e9<\/li>\n \t<li><strong><b>A moyen terme :\u00a0<\/b><\/strong>Les jeunes s\u2019engagent et agissent pour l\u2019am\u00e9lioration de l\u2019acc\u00e8s \u00e0 l\u2019information et aux soins de qualit\u00e9<\/li>\n \t<li><strong><b>A long terme :\u00a0<\/b><\/strong>L\u2019environnement des DSR est favorable pour l\u2019acc\u00e8s des jeunes \u00e0 des informations et soins de qualit\u00e9s<\/li>\n<\/ul>\n<span style=\"text-decoration: underline;\"><strong><b>Les partenaires et r\u00e9seaux<\/b><\/strong><\/span>\n<table>\n\t\t\t\t\t\t<tr>\n\t\t\t\t\t\t\t<td>\n\t\t\t\t\t\t\t\t<img decoding=\"async\" src=\"\/wp-content\/uploads\/2023\/12\/Capture-decran-2023-07-21-144520-1-e1701737154120-300x99.png\" class=\"main-image\" alt=\"Guiden a Scouten fir ENG Welt\">\n\t\t\t\t\t\t\t<\/td>\n\t\t\t\t\t\t\t<td>\n\t\t\t\t\t\t\t\t<img decoding=\"async\" src=\"\/wp-content\/uploads\/2023\/12\/Capture-decran-2023-07-21-144243-1-300x117.png\" class=\"main-image\" alt=\"Padem\">\n\t\t\t\t\t\t\t<\/td>\n\t\t\t\t\t\t\t<td>\n\t\t\t\t\t\t\t\t<img decoding=\"async\" src=\"\/wp-content\/uploads\/2023\/12\/Capture-decran-2023-07-21-144639-1-300x127.png\" class=\"main-image\" alt=\"Steftung HELLEF\">\n\t\t\t\t\t\t\t<\/td>\n\t\t\t\t\t\t\t<td>\n\t\t\t\t\t\t\t\t<img decoding=\"async\" src=\"\/wp-content\/uploads\/2023\/12\/1678187332263-e1702082714535.jpg\" class=\"main-image\" alt=\"Alliance Droit &amp; Sant\u00e9\">\n\t\t\t\t\t\t\t<\/td>\n\t\t\t\t\t\t\t<td>\n\t\t\t\t\t\t\t\t<img decoding=\"async\" src=\"\/wp-content\/uploads\/2023\/12\/Capture-decran-2023-07-21-144718-1-e1702083426222.png\" class=\"main-image\" alt=\"EQUIPOP\">\n\t\t\t\t\t\t\t<\/td>\n\t\t\t\t\t\t\t<td>\n\t\t\t\t\t\t\t\t<img decoding=\"async\" src=\"\/wp-content\/uploads\/2023\/12\/ONG-RAES-Logo-e1701737719337.png\" class=\"main-image\" alt=\"RAES\">\n\t\t\t\t\t\t\t<\/td>\t\t\t\t\t\t\t\n\t\t\t\t\t\t<\/tr>\n\t\t\t\t\t<\/table>\n\n<strong><b>&#8230; R\u00e9seau Siggil Jigguen , ANCS, CONAME, Conf\u00e9d\u00e9ration s\u00e9n\u00e9galaise de scoutisme<\/b><\/strong>                    <\/div>\n\t\t        \n                    <div id=\"environnement-br-br-cadre-de-vie-tab\" class=\"clearfix eael-tab-content-item inactive\" data-title-link=\"environnement-br-br-cadre-de-vie-tab\">\n\t\t\t\t        <ul>\n \t<li>Mobilise des jeunes (mouvement de jeunes, groupements de femmes)<\/li>\n \t<li>Int\u00e8gre la dimension num\u00e9rique dans les modules environnementaux<\/li>\n \t<li>Mobilise des alli\u00e9s et des autorit\u00e9s et les communaut\u00e9s pour la cause environnementale<\/li>\n \t<li>Op\u00e8re \u00e0 un transfert de comp\u00e9tences aupr\u00e8s des b\u00e9n\u00e9ficiaires<\/li>\n \t<li>D\u00e9roule un programme d\u2019<strong>\u00c9ducation Relative \u00e0 l\u2019Environnement<\/strong> (ERE)<\/li>\n \t<li>Valorise les actions des populations en g\u00e9n\u00e9ral et des jeunes en particulier qui contribuent \u00e0 l\u2019att\u00e9nuation des effets des changements climatiques dans les zones d\u2019intervention<\/li>\n \t<li>Met en \u0153uvre des actions pour capaciter les populations \u00e0 \u00eatre r\u00e9silients face aux changements climatiques<\/li>\n \t<li>Fait la promotion de l\u2019agriculture durable<\/li>\n<\/ul>\n<strong><b>Changements vis\u00e9s<\/b><\/strong>\n<ul>\n \t<li><strong><b>\u00a0<\/b><\/strong><strong><b>A court terme : <\/b><\/strong>Les jeunes acqui\u00e8rent des capacit\u00e9s techniques dans la protection de l\u2019environnement.<\/li>\n \t<li><strong><b>A moyen terme : <\/b><\/strong>Les jeunes s\u2019engagent et agissent pour l\u2019adoption de comportements responsables des communaut\u00e9s face aux changements climatiques<\/li>\n \t<li><strong><b>A long terme : <\/b><\/strong>Les actions des jeunes contribuent \u00e0 l\u2019att\u00e9nuation des effets des changements climatiques dans les zones d\u2019intervention<\/li>\n<\/ul>\n<strong><b>\u00a0<span style=\"text-decoration: underline;\">P<\/span><\/b><\/strong><span style=\"text-decoration: underline;\"><strong><b>artenaires et r\u00e9seaux<\/b><\/strong><\/span>\n<table>\n\t\t\t\t\t\t<tr>\n\t\t\t\t\t\t\t<td>\n\t\t\t\t\t\t\t\t<img decoding=\"async\" src=\"\/wp-content\/uploads\/2023\/12\/Capture-decran-2023-07-21-144520-1-e1701737154120-300x99.png\" class=\"main-image\" alt=\"Guiden a Scouten fir ENG Welt\">\n\t\t\t\t\t\t\t<\/td>\n\t\t\t\t\t\t\t<td>\n\t\t\t\t\t\t\t\t<img decoding=\"async\" src=\"\/wp-content\/uploads\/2023\/12\/Capture-decran-2023-07-21-144243-1-300x117.png\" class=\"main-image\" alt=\"Padem\">\n\t\t\t\t\t\t\t<\/td>\n\t\t\t\t\t\t\t<td>\n\t\t\t\t\t\t\t\t<img decoding=\"async\" src=\"\/wp-content\/uploads\/2023\/12\/planetsolar-e1703027848225.png\" class=\"main-image\" alt=\"planet Solar\">\n\t\t\t\t\t\t\t<\/td>\n\t\t\t\t\t\t\t\t\t\t\t\t\t\n\t\t\t\t\t\t<\/tr>\n\t\t\t\t\t<\/table>\n<strong><b>BD, Le Programme de Microfinancements du Fonds pour l&rsquo;Environnement Mondial (PFM\/FEM), Les eaux et for\u00eats , les services publics d\u00e9concentr\u00e9s<\/b><\/strong>                    <\/div>\n\t\t                    <\/div>\n        <\/div>\n\t\t\t\t<\/div>\n\t\t\t\t<\/div>\n\t\t\t\t\t<\/div>\n\t\t<\/div>\n\t\t\t\t\t<\/div>\n\t\t<\/section>\n\t\t\t\t<\/div>\n\t\t\n    <div class=\"xs_social_share_widget xs_share_url after_content \t\tmain_content  wslu-style-1 wslu-share-box-shaped wslu-fill-colored wslu-none wslu-share-horizontal wslu-theme-font-no wslu-main_content\">\n\n\t\t\n        <ul>\n\t\t\t        <\/ul>\n    <\/div> \n","protected":false},"excerpt":{"rendered":"<p>\u00c9ducation &amp; protection des enfants Formation professionnelle &amp; insertion Sant\u00e9 &amp; protection sociale Environnement &amp; cadre de vie Offre d\u2019un paquet de services sociaux et \u00e9ducatifs aux enfants et jeunes vuln\u00e9rables Mobilise des acteurs du syst\u00e8me et des communaut\u00e9s Favorise un acc\u00e8s inclusif \u00e0 l\u2019\u00e9ducation Met en place des cadres multisectoriels au niveau local Transfert&#8230;<\/p>\n","protected":false},"author":1,"featured_media":4649,"parent":0,"menu_order":0,"comment_status":"closed","ping_status":"closed","template":"","meta":{"give_campaign_id":0,"_eb_attr":"","footnotes":""},"class_list":["post-2407","page","type-page","status-publish","has-post-thumbnail","hentry","fbv_pt_tax_page-jed-site"],"campaignId":"","_links":{"self":[{"href":"https:\/\/www.jed.sn\/index.php?rest_route=\/wp\/v2\/pages\/2407","targetHints":{"allow":["GET"]}}],"collection":[{"href":"https:\/\/www.jed.sn\/index.php?rest_route=\/wp\/v2\/pages"}],"about":[{"href":"https:\/\/www.jed.sn\/index.php?rest_route=\/wp\/v2\/types\/page"}],"author":[{"embeddable":true,"href":"https:\/\/www.jed.sn\/index.php?rest_route=\/wp\/v2\/users\/1"}],"replies":[{"embeddable":true,"href":"https:\/\/www.jed.sn\/index.php?rest_route=%2Fwp%2Fv2%2Fcomments&post=2407"}],"version-history":[{"count":33,"href":"https:\/\/www.jed.sn\/index.php?rest_route=\/wp\/v2\/pages\/2407\/revisions"}],"predecessor-version":[{"id":4657,"href":"https:\/\/www.jed.sn\/index.php?rest_route=\/wp\/v2\/pages\/2407\/revisions\/4657"}],"wp:featuredmedia":[{"embeddable":true,"href":"https:\/\/www.jed.sn\/index.php?rest_route=\/wp\/v2\/media\/4649"}],"wp:attachment":[{"href":"https:\/\/www.jed.sn\/index.php?rest_route=%2Fwp%2Fv2%2Fmedia&parent=2407"}],"curies":[{"name":"wp","href":"https:\/\/api.w.org\/{rel}","templated":true}]}}